= s - -75. What is the tens digit of o?
6
Let x(o) = -56*o + 100. What is the units digit of x(-7)?
2
Let j be (-7)/((-2)/2) + -4. Suppose 2*q + j*q - 305 = 0. What is the tens digit of q?
6
Suppose -4*i = -3*b - 1 + 27, b = -i - 3. Suppose 0 = -b*y + 4*y - 112. What is the units digit of y?
6
What is the tens digit of ((-9171)/45)/((-1)/5)?
1
Let j(r) = -r**3 + 3*r**2 + 5*r - 5. Let i be j(4). Let y = -1 - i. Let w = y + 15. What is the units digit of w?
5
Let u(p) = 2*p - 16. Let c be u(11). Suppose -4*k = -c*k. Suppose 4*g = -t - k*t + 16, 0 = 3*t + 5*g - 41. What is the tens digit of t?
1
Let b be (-4)/(-10) + (-304)/10. Let k = -205 - -248. Let f = k - b. What is the tens digit of f?
7
Suppose -g - 23 = z, -4*z - 51 - 11 = -2*g. Let j be (z/12)/((-3)/(-8)). What is the units digit of 1/(-2) - 138/j?
4
Let p(z) = -16*z - 7. Let t be p(-12). What is the tens digit of t/3 - (-2)/(-3)?
6
Suppose 4*q + 7*y - 45 = 2*y, 20 = 3*q + y. What is the units digit of q?
5
Let a be 2318/133 + (-4)/(-7). Suppose -a*q + 18 = -16*q. What is the units digit of q?
9
Let d = 57 - 82. What is the tens digit of 3/5 + (-1)/(d/2235)?
9
Suppose 5*l - l - 194 = -2*z, l = 0. Suppose 5*p = 178 + z. What is the units digit of p?
5
Suppose j = 64 - 5. Let y = j + 26. What is the tens digit of y?
8
Suppose 29*i + 10 = 34*i. Suppose 0 = -2*m + 5*t + 17, i*t + 3*t = 5*m - 80. What is the units digit of m?
1
Suppose 3*b + 3*r - 2535 = 0, 5*b + 2*r = 7*r + 4225. Suppose 2*p + 0*p = q - 212, -4*q = -5*p - b. What is the units digit of q?
0
Let o(v) = -60*v**3 - 2*v**2 + 1. What is the units digit of o(-1)?
9
Suppose 5*p - 2402 = -2*b + 1483, -7769 = -4*b - 9*p. What is the hundreds digit of b?
9
Let t(k) = -3*k**3 - 2*k**2 - 5*k - 4. What is the units digit of t(-4)?
6
Let z(l) = 4*l + 51. What is the units digit of z(23)?
3
Let a(p) = 97*p + 231. What is the tens digit of a(6)?
1
Suppose -3*i - 120 = -r - 4*r, 2*i - 95 = -5*r. What is the units digit of ((-16)/(-6))/(7/r)?
8
Let k be ((-6)/(-6))/((-3)/(-3)). Let u = -7 + 42. Let h = u - k. What is the units digit of h?
4
Suppose -y + 0 = -1. Let s be (y + 1)/((-11)/66). Let x = 14 + s. What is the units digit of x?
2
What is the units digit of (-1)/(-2) + 84*5129/184?
2
Let w be (-12)/5*22*(-35)/(-21). What is the units digit of (30/20)/((-6)/w) - -3?
5
Let g be 3/(-2) + 1015/10. Suppose g = 5*a - 4*a. Suppose 56 = 3*n - r, -5*n + a = -2*r - r. What is the tens digit of n?
1
Suppose -2*r + 4728 = 5*w - 8112, -4*w + 4*r = -10272. What is the tens digit of w?
6
Let u(s) = -s**3 - 3*s**2 - 14*s - 12. What is the units digit of u(-5)?
8
Let r(y) be the first derivative of y - 1/2*y**2 + 5*y**4 + 1/3*y**3 + 3. What is the tens digit of r(1)?
2
Suppose -257*o - 4277 = -264*o. What is the hundreds digit of o?
6
Let l = 384 - 130. What is the hundreds digit of l?
2
What is the tens digit of (-870)/(-3) + -8 + 5 + 2?
8
Suppose 9*q - 8*q = -8. Suppose 3*n = 5 + 19. What is the tens digit of q/1*(-16)/n?
1
Suppose -5*s - 187 + 37 = 0. Let h = s + 51. Let o = 31 - h. What is the tens digit of o?
1
Suppose -5*b - 29 = o - b, 0 = -5*o - 2*b - 145. Let j = -96 + 158. Let s = o + j. What is the units digit of s?
3
Let g = 1882 - 1338. What is the hundreds digit of g?
5
Let f be (-5 - -51) + 0*3/6. Suppose 0*d - w = -3*d + 6, 4*d - 2*w - 6 = 0. Suppose 2*i = -3*z + d*i + 55, -f = -2*z + 3*i. What is the tens digit of z?
1
Let g(n) = -5*n - 1. Let f(y) = 4*y + 1. Let o(t) = -3*f(t) - 4*g(t). Suppose -5*r = k - 3, -2*k - 2*r + 6 = r. What is the tens digit of o(k)?
2
What is the tens digit of 2/16 + 5253/24?
1
Suppose 2*b - 5*p = 23, 4*p = -2*b + 2*p + 2. Suppose -b*j - 2*j + 288 = 0. What is the units digit of j?
8
Let t = 153 + 428. What is the hundreds digit of t?
5
Suppose 5*f - 840 - 660 = 0. Suppose 4*o - 8*o + f = 0. Let a = o + -23. What is the units digit of a?
2
Suppose l - 2*l - 20 = 3*i, -3*l = 5*i + 36. What is the units digit of 101 - ((i - -4) + 1)?
2
Let i(s) = -5*s**3 - 2*s**2 - 2. Let r be (-9)/8 + 6/48. Let c be r/(((-28)/8)/(-7)). What is the tens digit of i(c)?
3
Let w(j) = 145*j + 326. What is the thousands digit of w(5)?
1
Suppose -4 = -l - 3*w, w + 6 = -4*l - 0*w. Let b(j) = -6*j**3 + 3*j**2 - j - 6. What is the tens digit of b(l)?
5
Suppose -56 = -3*k - k + s, -25 = -3*k + 5*s. Suppose -4*m + k = c, 1 = 5*m + 21. What is the tens digit of c?
3
Suppose 3 = -3*j - h - 2*h, -3*h = j + 5. Let z(u) = -u**2 + 7*u + 18*u**2 - 2*u - 2*u + j. What is the units digit of z(-1)?
5
Let b(g) = -6*g + 15. Let f(m) = 5*m - 15. Let z be -6 - 0/(-2 - 1). Let n(x) = z*b(x) - 7*f(x). What is the units digit of n(-8)?
7
Let x = -3031 + 5948. What is the hundreds digit of x?
9
Let t = 19 - 10. Let m be 80/(-15)*9/(-12). Let x = t + m. What is the tens digit of x?
1
Let w = 152 - -1784. What is the hundreds digit of w?
9
Let f be (32 + 0)*39/52. Let w = f - 53. What is the units digit of -4*(-1)/(-2) - w?
7
Suppose 4*l - 280 = -2*s, -187 = 4*s - 3*l - 758. What is the hundreds digit of s?
1
Suppose -3*d - 3582 = -5*u, -3*d - 2865 = -16*u + 12*u. What is the hundreds digit of u?
7
Let b(m) = -8*m - 8. Let p = -10 - -15. Suppose 4*k + 5*l = -0*k - 45, -p*k = l + 30. What is the tens digit of b(k)?
3
Let y = -248 + 2025. What is the units digit of y?
7
Let p(h) = -3*h**3 + 4*h**2 - 2*h - 8. Let k = 31 - 34. What is the units digit of p(k)?
5
Suppose 18756 = 21*f - 16*f - 3*l, -f = l - 3756. What is the units digit of f?
3
Let m be 2/(-5)*5/(-9)*9. Suppose -l = -m*t - 86, -3*t - 258 = -5*l + 200. What is the units digit of l?
4
Let a(h) = h**3 + 3*h**2 - 4*h - 3. Let u be 3/(2 + (-1 - 2) + 2). What is the units digit of a(u)?
9
Let r = 48 + -27. Let w = -17 + r. Suppose 4*o = 5*u - u - 144, u + w*o - 26 = 0. What is the units digit of u?
4
Let k = -60 + 142. Suppose 27 - k = -d. What is the tens digit of d?
5
Let q(f) = f**2 + 5*f + 13. Let i = -3 + -7. What is the units digit of q(i)?
3
Suppose -7*f = 233 + 19. Let y = f - -41. What is the units digit of y?
5
Let t = 33 + -28. Suppose -2*x + 3*x - 2*s - 134 = 0, -t*x = -s - 688. What is the hundreds digit of x?
1
Let o = -400 + 826. What is the tens digit of o?
2
Let f(b) = 2*b**2 - 12*b + 12. Let w(z) = -z + 11. Let h be w(6). Let s be f(h). Suppose -s*q + 45 = -67. What is the tens digit of q?
5
Let k be 87/(-15)*(2 + -7). Let v = -22 + k. Suppose -11*y + 68 = -v*y. What is the tens digit of y?
1
Suppose -74 = -4*n + 10. Let b = n + -18. Suppose -5*d - q = 4*q - 30, -b = -q. What is the units digit of d?
3
Suppose -22 = -3*p - 2*v, 5*p - 3*v = 2 + 22. Suppose -p*i = -i. Suppose i = 2*k + 4*b - 90, -3*b + 56 + 30 = 2*k. What is the tens digit of k?
3
What is the units digit of (1 + -2 + -1)*247/(-1)?
4
Let k = 203 - 35. What is the tens digit of k?
6
Let a(o) = 2*o**3 + 41*o**2 - 20*o - 7. What is the units digit of a(-14)?
1
Suppose 0 = 4*b - 3 - 13. Suppose -25 - 27 = -b*i. Suppose 2*f - 2*l + 1 = 5, 4*l = f + i. What is the units digit of f?
7
Let n(f) = -11*f + 29. Let r be n(6). Let s = 98 - r. What is the tens digit of s?
3
What is the tens digit of 9/12*239640/90?
9
Let l(a) = a**2 - 4*a + 16. What is the hundreds digit of l(-13)?
2
Suppose -4*m = -4*k + 48, 5*k + 4*m = 4*k - 8. Let r = k - 6. Suppose -r*y + 0*y + 48 = 0. What is the units digit of y?
4
Suppose -20*u + 3613 = -4447. What is the units digit of u?
3
Let s = 4172 - 1517. What is the hundreds digit of s?
6
Suppose 0 = 15*l - 10*l + 90. Let y = l - -43. What is the tens digit of y?
2
Let a = 1012 + -534. What is the hundreds digit of a?
4
Let u(s) be the second derivative of -s**4/12 - 4*s**3/3 - 5*s**2/2 - s. Suppose -v - 12 = -5*m, 11 = 4*v - 3*m + 42. What is the units digit of u(v)?
2
Suppose 4*p = -3*j + 1703, 5*p - 1069 = -3*j + 1056. What is the units digit of p?
2
Let q = -14 + 20. What is the units digit of 1/(-3)*(q - 213)?
9
Suppose 4*y + 3 = 5*f + 2, 3*f = -2*y - 17. What is the units digit of ((1 - 0) + -2)*(-209 + y)?
3
Suppose -4*c - 146 = -422. What is the units digit of c?
9
Suppose 707 = 3*x + 4*x. Let b = x + 29. What is the tens digit of b?
3
Suppose 795*n - 3685 = 790*n. What is the tens digit of n?
3
Let c be (-96)/(-15)*75/(-10). Let f = c - -109. What is the tens digit of f?
6
Suppose -35 = 4*j 